of 189542433.
3, 61, 173, 5987
List the prime factors of 8191434724.
2, 11, 4049, 45979
List the prime factors of 9582587.
7, 269, 727
What are the prime factors of 12273453?
3, 1363717
What are the prime factors of 14014554?
2, 3, 47, 49697
List the prime factors of 75552819.
3, 25184273
List the prime factors of 128469678.
2, 3, 19, 193, 5839
List the prime factors of 156281488.
2, 11, 37, 103, 233
What are the prime factors of 42227804?
2, 19, 37, 15017
List the prime factors of 2811693233.
37, 113, 672493
List the prime factors of 1030560054.
2, 3, 1033, 166273
What are the prime factors of 129873466?
2, 149, 435817
What are the prime factors of 967786339?
13, 74445103
List the prime factors of 103019026.
2, 11, 19, 37, 6661
What are the prime factors of 139490859?
3, 53, 877301
List the prime factors of 183772108.
2, 13, 17, 449, 463
What are the prime factors of 314093506?
2, 2467, 63659
List the prime factors of 37197464.
2, 4649683
What are the prime factors of 1901482180?
2, 5, 13, 7313393
What are the prime factors of 51059330?
2, 5, 7, 17, 107, 401
List the prime factors of 80564406.
2, 3, 13, 73, 14149
What are the prime factors of 36712086?
2, 3, 29, 101, 2089
What are the prime factors of 3461239797?
3, 17, 2113, 32119
What are the prime factors of 200287589?
67, 2989367
List the prime factors of 3407658298.
2, 11, 653, 237203
List the prime factors of 3672153156.
2, 3, 7, 59, 740951
List the prime factors of 114754948.
2, 7, 11, 33871
List the prime factors of 379323076.
2, 11, 131, 65809
What are the prime factors of 3736889760?
2, 3, 5, 479, 16253
What are the prime factors of 177834017?
269, 661093
List the prime factors of 45002652.
2, 3, 3750221
What are the prime factors of 36876860?
2, 5, 1843843
What are the prime factors of 15662588?
2, 73, 53639
What are the prime factors of 6119555951?
251, 24380701
What are the prime factors of 127885995?
3, 5, 2841911
What are the prime factors of 8779120177?
47, 113, 1653007
List the prime factors of 19088716.
2, 4772179
What are the prime factors of 5970772?
2, 67, 22279
List the prime factors of 41973646.
2, 11, 13, 17, 89, 97
List the prime factors of 346599255.
3, 5, 61, 73, 5189
List the prime factors of 49749216.
2, 3, 11, 47111
What are the prime factors of 11228444?
2, 2807111
What are the prime factors of 146749745?
5, 47, 624467
What are the prime factors of 39934579?
79, 505501
List the prime factors of 694087859.
23, 59, 511487
List the prime factors of 3764872.
2, 470609
List the prime factors of 3268276489.
37, 631, 139987
What are the prime factors of 23389789?
719, 32531
What are the prime factors of 1329552158?
2, 11, 60434189
What are the prime factors of 276759281?
276759281
What are the prime factors of 243751262?
2, 43, 2834317
What are the prime factors of 12103474?
2, 23, 263119
List the prime factors of 38143242.
2, 3, 109, 19441
List the prime factors of 34660523.
34660523
What are the prime factors of 1093419240?
2, 3, 5, 9111827
List the prime factors of 2923308147.
3, 974436049
What are the prime factors of 6245049660?
2, 3, 5, 29, 673, 5333
List the prime factors of 8190727.
31, 37, 193
What are the prime factors of 78868668?
2, 3, 6572389
What are the prime factors of 49730932?
2, 1123, 11071
List the prime factors of 101917581.
3, 1327, 25601
What are the prime factors of 282807973?
7, 40401139
What are the prime factors of 612994150?
2, 5, 19, 645257
What are the prime factors of 18397283?
79, 232877
List the prime factors of 322444058.
2, 161222029
What are the prime factors of 80007240?
2, 3, 5, 666727
What are the prime factors of 20954115?
3, 5, 7, 13, 17, 43
What are the prime factors of 254040298?
2, 19, 37, 281, 643
What are the prime factors of 73837557?
3, 199, 41227
What are the prime factors of 568092556?
2, 41, 173, 20023
List the prime factors of 48262059.
3, 59, 97, 937
List the prime factors of 842235493.
11, 67, 1142789
What are the prime factors of 19265905?
5, 19, 202799
What are the prime factors of 232735979?
7, 89, 179, 2087
List the prime factors of 371316719.
37, 347, 28921
What are the prime factors of 183807282?
2, 3, 359, 85333
List the prime factors of 50742642.
2, 3, 8457107
List the prime factors of 65457095.
5, 11, 439, 2711
List the prime factors of 6059461923.
3, 811, 830177
List the prime factors of 93198718.
2, 71, 656329
What are the prime factors of 2783081335?
5, 19, 1873, 15641
List the prime factors of 2299511300.
2, 5, 22995113
What are the prime factors of 148793435?
5, 7, 17, 250073
What are the prime factors of 67532004?
2, 3, 19, 98731
List the prime factors of 6018781.
6018781
What are the prime factors of 18487637?
7, 131, 20161
List the prime factors of 434515294.
2, 19, 29, 41, 59, 163
What are the prime factors of 49733979?
3, 1697, 9769
List the prime factors of 29709094.
2, 14854547
List the prime factors of 724662113.
7, 467, 221677
List the prime factors of 25935014.
2, 7, 264643
What are the prime factors of 48183169?
48183169
List the prime factors of 276040641.
3, 23, 4000589
List the prime factors of 95036000.
2, 5, 23, 1033
What are the prime factors of 773547997?
59, 13110983
What are the prime factors of 100848113?
73, 383, 3607
List the prime factors of 1321612015.
5, 264322403
List the prime factors of 76633806.
2, 3, 89, 143509
List the prime factors of 36797221.
1009, 36469
What are the prime factors of 14329674?
2, 3, 17, 46829
List the prime factors of 37948351.
7, 5421193
List the prime factors of 168379906.
2, 283, 521, 571
List the prime factors of 1094582234.
2, 547291117
What are the prime factors of 4422577322?
2, 991, 2231371
What are the prime factors of 263698068?
2, 3, 21974839
List the prime factors of 159173614.
2, 79586807
What are the prime factors of 59915628?
2, 3, 283, 5881
List the prime factors of 64606390.
2, 5, 641, 10079
What are the prime factors of 1671370815?
3, 5, 19, 5864459
List the prime factors of 1000236335.
5, 7, 28578181
What are the prime factors of 1258539867?
3, 13, 37, 43, 6761
List the prime factors of 7207384.
2, 19, 47417
What are the prime factors of 1212619422?
2, 3, 7, 4519, 6389
What are the prime factors of 8701904?
2, 113, 4813
List the prime factors of 1517633158.
2, 173, 1733, 2531
What are the prime factors of 105103660?
2, 5, 89, 137, 431
List the prime factors of 8728324.
2, 11, 163, 1217
List the prime factors of 384951145.
5, 17, 37, 122401
What are the prime factors of 289839532?
2, 72459883
What are the prime factors of 45976120?
2, 5, 1149403
What are the prime factors of 7733447?
7733447
What are the prime factors of 2368523361?
3, 131, 389, 15493
What are the prime factors of 48624807?
3, 7, 11, 30071
What are the prime factors of 1125700455?
3, 5, 11, 107, 63761
List the prime factors of 301167524.
2, 7, 1129, 1361
List the prime factors of 76983713.
1571, 49003
What are the prime factors of 1678805797?
149, 2663, 4231
List the prime factors of 15804825.
3, 5, 210731
What are the prime factors of 720155696?
2, 13, 3462287
List the prime factors of 1499848058.
2, 37, 1721, 11777
List the prime factors of 499145065.
5, 2939, 33967
List the prime factors of 74989803.
3, 7, 3570943
List the prime factors of 1471424538.
2, 3, 245237423
What are the prime factors of 74328006?
2, 3, 1429, 8669
What are the prime factors of 121791835?
5, 11, 103, 21499
List the prime factors of 105359879.
105359879
What are the prime factors of 72991826?
2, 821, 44453
List the prime factors of 78481077.
3, 19, 163, 8447
List the prime factors of 2009584223.
73, 347, 79333
List the prime factors of 60886531.
107, 163, 3491
List the prime factors of 125118952.
2, 7, 19, 107, 157
List the prime factors of 159831395.
5, 281, 113759
What are the prime factors of 92154814?
2, 59, 780973
List the prime factors of 1234255255.
5, 53, 4657567
List the prime factors of 54406010.
2, 5, 67, 81203
List the prime factors of 139385009.
139385009
List the prime factors of 39473273.
7, 113, 7129
List the prime factors of 94532347.
7, 13, 41, 1949
What are the prime factors of 220455567?
3, 53, 154057
What are the prime factors of 145977927?
3, 48659309
List the prime factors of 77530735.
5, 19, 816113
What are the prime factors of 246362630?
2, 5, 24636263
List the